the value of 146 + -152 - (0 - 8) - 12 - 27?
-37
Calculate 124 + -141 + -91 + (-4 + 4 - -1).
-107
Evaluate 3 + 7 + -22 - -100 - 37.
51
What is 63 - -2 - (-3446 - -3509)?
2
Calculate 23 - -2 - (169 - (181 - 33)).
4
Evaluate 7 + -16 + (-6 - -24) - (-2 - -6).
5
Calculate 36 - (-65 - (-241 - -104)).
-36
Calculate -100 + (-66 - -172) + -103.
-97
-416 + 453 - (-13 + 180 + -10)
-120
-6 + ((2 - (-3 + -2)) + 11 - -7)
19
-12 + 106 + 6 + -60
40
Calculate (-60 - (-85 - -45)) + 60.
40
What is 23 - (-131 + 144 + (1 + -1 - 2) + -6)?
18
Evaluate 110 + 146 + -227 + -3 + 14.
40
-7 - 50 - (-5 - (5 + 0))
-47
Evaluate -16 - (0 - 4 - (2 - 14) - 87).
63
-31 + 13 - (-34 + -30)
46
What is 3 - (8 + -45 + 13 + 16 - (-66 - 1))?
-56
What is the value of 1 - (-5 + (-5 + 10 - 9) + 2) - -30?
38
(-13 - 1) + (-401 - -382 - (-3 - 80))
50
What is the value of 9 + (-10 - (6 + -12 + 7) - -2 - 28)?
-28
Evaluate (-4 - (-24 + 7 + 7)) + 114 + 1 - 8.
113
Evaluate 10 - ((2 - 1) + 1 - -8 - (735 - 735)).
0
Evaluate 42 - (43 + -46 + 6).
39
Calculate -5 - (-2 + 12 - (8 - 6) - 53).
40
What is 0 - (5 + 2 + (11 - 18) - (7 + 24))?
31
(-2 - (2 - 13)) + (-6 - 124 - -148)
27
Evaluate 13 + (-17 - (3 - 3) - (-6 + 0)).
2
What is the value of -2 + -3 + (-238 - -245) + (-4 - 1)?
-3
Evaluate -1 + (15 - (7 + -10 + -3 + -15)).
35
Calculate 12 - (-3 - -18) - (-5 + 70 + (9 - 15)).
-62
Calculate -1 - (0 + 1 + -2 - (3 + 53 + -49)).
7
Evaluate 1 + -2 + -6 + 17 + (9 - 1 - 46).
-28
What is 59 + -16 + -58 + 1 + -3 - 4?
-21
Evaluate (-16 - -11 - (-3 - -66 - -3)) + (26 - 29).
-74
58 - (3 - -59 - -66)
-70
What is -3 + (12 - ((14 - 19) + 6) - 5)?
3
What is 37 + -23 - (-90 + 185)?
-81
What is -44 + -105 + 285 + -76?
60
Evaluate 32 + (-12 - (-40 - -51)).
9
Calculate 0 + 3 + 11 - (7682 + -7688).
20
-31 + (8 - (-8 + 4 - 0)) + -7
-26
What is 62 - (110 + -45) - (67 + 1)?
-71
Evaluate 12 + 3 + (2 - 1) + (-4 - 5).
7
What is the value of 33 + (-9 - (11 + (-19 - 4))) + -8?
28
13 + -33 + -14 + 31
-3
52 + (7 - 13 - -6) + 1 + -3
50
Evaluate (-51 - 48) + 66 + -58.
-91
What is 8 + (18 + 29 - 26)?
29
What is the value of 19 + -27 + 25 - 31 - -19?
5
Evaluate 73 - ((-18 - -10) + (1 - 0)) - (-6 + 12).
74
What is the value of 31 - (-16 + 24) - (1 - 13)?
35
Evaluate 28 + 0 - (-10 - -9 - -3) - -12.
38
Evaluate -78 + -86 + 18 + 78.
-68
What is the value of (60 + -81 - -68) + -157?
-110
What is the value of -57 + -52 - (-32 + -28)?
-49
What is the value of 1 + -10 + -2 + -1 - (134 - 122)?
-24
-77 - ((-1053 - -1080) + (0 - 27))
-77
-234 + 124 - (-14 - 38)
-58
What is the value of 0 + (13 - 75) + 63 + (0 - -103)?
104
-21 + (188 - 71) + (-28 - -9)
77
What is -2 + (-1 - 0) - (-1911 - -1896)?
12
What is (41 + -23 - 43 - -9) + (-5 - -109)?
88
What is the value of 0 + 34 + 242 + -287?
-11
Calculate (50 - 56) + (2 - 0 - (3 + -10)) + 11.
14
What is the value of -10 - -2 - (-27 + (14 - -1 - 29) + 8)?
25
What is -261 + 133 + (31 - -20)?
-77
(5 - (289 - 207)) + 1 + 0 + 1
-75
(-87 + (11 - 4) - (28 - 37)) + (1 - -7)
-63
What is the value of 271 - 138 - 123 - (113 + -5 + (0 - -1))?
-99
Evaluate -43 + (6 - (-10 + 1) - -3).
-25
Calculate 32 + 5 + -29 + (-24 - -27).
11
(-59 + -32 - -95) + (1 - -20)
25
(-36 - -35) + -29 + 68
38
What is 3 + 1 + 3 + (-10 - -58)?
55
Calculate -20 - 7 - (-60 - -13).
20
Evaluate (67 - -19) + 28 + (-43 - 6).
65
Calculate -8047 - -7977 - (-1 + -110).
41
What is -12 + (49 + -45 - (1 + -4 + -5))?
0
What is the value of 17 - 33 - ((-28 - 28) + -9) - 3?
46
(0 + 0 + -15 - 26) + 7
-34
-1 - (-20 + 17 - (90 - (5 + 2 + -2)))
87
Calculate (134 - 33) + -100 - -83.
84
(-59 - (-11 + -24 + -12)) + 1 + -63
-74
What is the value of -2 + 3 + -13 + -9 + 21 + -22?
-22
Calculate 9 - ((12 - -51) + -38).
-16
What is 33 + -59 + 7 - 33?
-52
(12 - (40 - 7)) + 19
-2
Calculate (1 + -11 - (-1179 + 1181)) + -7 + 1.
-18
What is 38 + (-23 - -22 - -22 - 20) + 5 + -1?
43
(38 - 13) + -40 + (2 - 2)
-15
10 + -8 - (0 - -16) - (290 + -318) - -30
44
What is the value of -3175 + 3117 - (-4 - (2 + 0))?
-52
Calculate -22 + 6 + (56 - 18) + 5.
27
-24 - (-39 + 8) - -32
39
-44 - (40 + (15 - 28) + -1)
-70
What is 9 + -5 + -2 - -55?
57
What is 25 + -59 + 52 + 67?
85
What is 1 - 5 - ((-8 - 0) + 13) - 29?
-38
What is the value of -18 - (8 + (0 - -5) + 7 + -18)?
-20
Calculate (-19 - (-29 + (19 - 5))) + -39.
-43
Evaluate (-11 + 16 - (-21 + 9 - -7)) + -45.
-35
Calculate (-6 - -2) + (-23 - (2 + 22 + -26)).
-25
Evaluate 54 - 0 - (-1972 + 1983).
43
(161 - (305 - 165)) + (1 - 34)
-12
Calculate (-9 - (-42 + 19)) + (45 + -31 - (2 + 8)).
18
What is -27 + 104 + -35 + 47?
89
What is the value of 2 + 1 - (-6 - (-43 - 11))?
-45
(-48 + 21 - -4) + -54 + 28
-49
What is the value of 4 - (-9 - ((-9 - 14) + 2)) - (17 - -74)?
-99
(-27 + -22 - -58) + (5 - -1)
15
3 + -16 - -28 - (3 + (-5 - -1) + 11)
5
Evaluate 13 - -30 - (3 + 33) - (-9 - -1).
15
-31 + (31 - (32 - 19)) + 56
43
What is -34 - (-42 - -15) - -50?
43
Calculate ((-7 - -12 - 9) + 8 - 15) + 24.
13
Evaluate (2 - 18 - (-23 + -34 + -40)) + -15.
66
What is -16 + (-3 - -62) - (-1 - (-1 + 2))?
45
What is (-17 - -8 - 1) + 63 - (3 + -5 - -7)?
48
Evaluate 4 + (1 - (19 + -30) - -32) + 14.
62
-25 + (0 - -10) + (-24 - (-20 - -9))
-28
Calculate -9 + (-1 - -1) + (-10 + -11 + -3 - -12).
-21
-17083 + 17134 + (0 - 1 - (6 + -2))
46
Calculate (3 - -56) + (397 - 380).
76
What is the value of 40 + -7 + (5 + -22 - -9)?
25
75 - (-4 + 52 - -7)
20
What is the value of -8 - (0 + 59 + (-25 - -16) + 17)?
-75
What is the value of -1 + (17 - 4) + -2 + 30 + (6 - 6)?
40
Calculate 3 + 1 + -7 - -4 - (1 - (4 - 46)).
-42
Evaluate 128 + (427 - 533) + 0 + -152.
-130
Evaluate -75 + 2 - (-98 - -4 - -79).
-58
Evaluate (-18 - -5) + 7 + -14 + 8 + -9.
-21
What is (-15 - (-100 + 36 + -17)) + 6?
72
-5 + 14 + -3 - -7 - (-99 - -101)
11
What is the value of -3 - (0 + -1) - 39 - (-19 + -41 + 69)?
-50
What is (22 - -2) + 11 + (7 + 2 - 11)?
33
What is the value of 73 - (42 + 54) - (-1 + -1 + -4)?
-17
What is (10 + -23 - 1) + (56 - 7) + -7?
28
Calculate -32 + 1 + (13 + 21 - 33) - -12.
-18
Calculate (-2 - 41) + 1 + 0 - (22545 + -22536).
-51
Calculate -11 - (-161 + 32 + 51).
67
(9 - (4 + 55 - 7)) + (10 - -2)
-31
What is the value of 155 - (125 - (128 - 64))?
94
What is -15 + -10 - (827 + -752)?
-100
7 + -4 + -6 + (32 + -19 - 3)
7
What is the value of 4 + -4 + (-43 - (-56 - -24)) - 3?
-14
What is -6 + (23 - (-2 + 8 - -19))?
-8
-113 + 105 + 68 + -3 - (-1 + -7) - -4
69
Calculate -35 - (2 + 16 + -2 - ((9 - 26) + 22)).
-46
What is the value of 1 + 4 - (50 - 96 - -36) - -12?
27
Evaluate -5 - (2 - -1 - (-39 - 30 - -73)).
-4
-35 + 28 + -18 + 19 + -2 - (1 + -162)
153
17 + -73 + 38 + -3 + -3
-24
What is 554 + -562 - (43 - (2 + 1))?
-48
What is -8 - (-5 - (-5 - (-18 - -30)))?
-20
Evaluate (-2 - -61 - 1) + (-3 - (-22 - -4)) + -22.
51
(-141 - (-93 - -35)) + 0 + (2 - (2 + 2))
-85
-2 + -18 - (18 + -12 - (1 + 4))
-21
Evaluate -96 + 133 - (13 - -7).
17
Calculate 187 - (345 - 191) - (-11 + 1).
43
What is the value of 46 + (-15 - (-10 - (28 - 21)))?
48
What is the value of -91 - -85 - (-14 + 18 - (-20 - -4))?
-26
What is -3 + 20 + (-14 - (-78 + 63))?
18
Calculate -5 - ((-10 - 54) + -5 + 15 + 0).
49
589 - 539 - (40 + -2)
12
What is the value of -6 + -2 + 57 - (16 + -12) - (-8 - 2)?
55
(21 - (22 + -5 + 5)) + 56 - 19
36
What is the value of 35 + (6 - (-3 + 11 + 2)) + -2 + 0?
29
What is 46 + -27 + (-62 - -30)?
-13
Calculate -5 + 38 + 502 + -520.
15
What is 2 + (20 - (62 + -37 + 33))?
-36
What is the value of -12 + -2 - (-73 + 139 + -71)?
-9
What is -36 + 31 + -17 + -4?
-26
What is the value of (16 - 15) + (-24 - (20 - -17))?
-60
Evaluate 65 - 10 - (-2 - 1) - (18 + -24 + 5).
59
Evaluate 11 + (36 + -117 - -142).
72
2 + 7 + -6 + -12 + 11 - 6
-4
Calculate -143 + (-25 - 1) + (152 - 127) + (14 - 1).
-131
What is the value of (30 + 1 + 3 - (410 - 408)) + (-2 - -5)?
35
What is 89 + 9 - 74 - (6 + 1 + 1)?
16
What is 5 - -15 - 5 - (-654 - -639)?
30
Evaluate 172 + (-18 - 24) - 160.
-30
7484 - 7533 - (-46 - -2)
-5
(-1 + 1 - (3 + 3 + 1)) + -2420 + 2367
-60
1 + 0 + 46 + -2 + (687 - 682)
50
Evaluate -2156 + 2206 - (1 + 3).
46
Calculate 15 - (-6 + 12) - 119 - (-7 + 26 - 34).
-95
What is -32 + (-2 + (0 - 16) - (-92 - -76))?
-34
What is -27 + -5 + -576 + 493?
-115
What is the value of (-3 - (8 + -13) - (47 + -38)) + -31?
-38
What is the